3*s - 17. Give t(q).
3
Let t(l) = -l**2 - 19*l + 13. Let k be t(0). Let v(u) = -2 + u**2 + 7*u - k + 3*u - u - 4*u. Give v(-7).
-1
Let o(p) = p**3 - 4*p**2 - p + 4. Let c be 553/(-77) + (-12)/(-66). Let u(i) = -i**2 - 8*i - 3. Let y be u(c). What is o(y)?
0
Let l(s) be the first derivative of 4*s**3/3 - 5*s**2/2 + 16*s + 13155. Determine l(5).
91
Let o(s) = -20*s**2 - 2*s + 3. Let w(x) = x**3 + 38*x**2 - 119*x + 166. Let f be w(-41). Give o(f).
-81
Suppose 4*q + 35*d - 32*d = 8, 5*q = -5*d + 10. Let n(a) = -7*a + 21. Give n(q).
7
Let x(y) = 2*y - 5. Let c(d) = 8*d - 19. Let h(q) = 6*c(q) - 26*x(q). Let b(g) = 9*g - 36. Let n(i) = -4*b(i) - 10*h(i). What is n(7)?
12
Let l(f) = f**3 - 8*f**2 + 4*f + 17. Suppose -252 = 4*d + 956. Let j = d - -309. Determine l(j).
-4
Let l be (-2)/((10/4)/(-5)). Let c(h) be the third derivative of 0*h - 1/6*h**3 - 36*h**2 + 1/60*h**5 + 0 - 1/4*h**4. What is c(l)?
-9
Let k(w) = 7*w + 34 - 5*w - 57 + 11*w. Give k(0).
-23
Let m(g) = 3*g + 5. Let k(h) = -h**2 + 9*h. Let q be k(-4). Let l be ((-34)/q - 2/13)*36. Let c = l - 22. Give m(c).
-7
Let t(j) = -3*j. Let s(f) = 11*f + 25. Let c(q) = s(q) + 5*t(q). Let a(u) = -16*u + 102. Let g(m) = -2*a(m) + 9*c(m). Give g(6).
-3
Let s(w) = -279*w + 63. Let r(y) = 2106*y - 441. Let a(b) = 2*r(b) + 15*s(b). Calculate a(-3).
-18
Let u(t) = -t**3 + 9*t**2 - 13*t + 8. Let j = 3685 - 3679. Calculate u(j).
38
Suppose 194 = 101*u - 2 - 107. Let m(c) be the second derivative of c**5/20 - c**4/6 - c**3/3 - 2*c. What is m(u)?
3
Let c(w) = 11*w - 73. Let j be c(7). Let o(y) = 9*y**3 + 8*y**2 - 14*y - 4. Let h(m) = -5*m**3 - 4*m**2 + 8*m + 2. Let s(r) = j*o(r) + 7*h(r). Give s(-3).
7
Suppose 431 = 9*a + 125. Let l(i) = 0*i**2 - i**2 + 64*i + 2 - 38*i - a*i. Suppose 2*j - 3 = -21. Determine l(j).
-7
Let w(x) = -6*x - 49. Let r(s) = s + 10. Let i(y) = 11*r(y) + 2*w(y). Calculate i(20).
-8
Suppose 70 = 5*f + 9*f. Suppose f*g + 46 = -t, 7 + 3 = -g - t. Let k be 3/(-5) - g/15. Let l(w) = w - 9. Determine l(k).
-9
Let v(k) = 16*k + 58. Let l be v(-3). Let t(u) = 0*u**2 - 12 + 9*u**2 - l*u**2 - 5*u - 8*u. What is t(-12)?
0
Let j(u) = -9*u**2 + 3*u + 9. Let o(s) = s - 1. Let w(d) = j(d) + 2*o(d). Let x(q) = -5*q**2 + 2*q + 3. Let c(v) = 4*w(v) - 7*x(v). What is c(7)?
0
Let d(m) = -32*m + 52. Let x(j) = 11*j - 17. Let n(h) = -6*d(h) - 17*x(h). Let f be n(-5). Let b = -52 - f. Let o(t) = t**2 + 4*t. What is o(b)?
0
Let j(p) be the second derivative of -7/2*p**2 - 1/6*p**3 + 0 + 64*p. Give j(-3).
-4
Let q(z) = 34*z - 13. Let p(j) = 46*j - 12. Let g(f) = 3*p(f) - 4*q(f). Calculate g(-14).
-12
Let d = -40924 - -40924. Let y(b) = -21*b + 9. Let a(c) = -14*c + 6. Let n(h) = 7*a(h) - 5*y(h). Give n(d).
-3
Let z(n) be the second derivative of -1/12*n**4 - 9/2*n**2 + 0 - 74*n - 4/3*n**3. Calculate z(-5).
6
Let j(d) be the third derivative of 1/6*d**3 + 0*d + 2/3*d**4 + 0 - 469*d**2. Suppose 3*c = -1 + 4. Give j(c).
17
Let g(x) = x**2 - 62 - x + 40 - 3*x - 29*x - 92. Let j be g(36). Let o(u) = -8*u - 4. Calculate o(j).
44
Let t(g) = -8*g - 25*g - 7*g - 23 + 38*g. Give t(-14).
5
Let o(z) be the first derivative of -z**4/4 + 13*z**3 - 75*z**2/2 + 42*z + 13606. Calculate o(37).
5
Suppose 4*y = -3*u - 81, -3*u + 15 = -4*y + 96. Let w = u - 58. Let c = -81 - w. Let l(k) = -7*k + 1. Determine l(c).
-27
Suppose -j + 8 = j. Let a(y) = 16*y - 283. Let u be a(18). Let r(f) = -3*f**3 + j*f**2 + 11*f**3 - u*f**2. Give r(-1).
-9
Let w(o) = o - 5. Let n = -27 - -31. Suppose 4 = -2*t, 1 = -l + n*t + 9. Let s be (14/2)/(l - -1). Determine w(s).
2
Let u = -367 + 367. Let h(a) = 0*a + 2*a + u*a - 6*a. Calculate h(3).
-12
Let l(w) = -13 - 32*w**2 - 330177*w + 330181*w + 33*w**2. Suppose -4*m - 5 - 1 = 3*c, 2*c + 27 = 5*m. What is l(c)?
-1
Let g(y) = -3*y**3 + 4*y**2 - 7*y - 2. Let z be (-9)/((-36)/(-8))*-1. What is g(z)?
-24
Let p(b) = -b**2 - 3*b - 2. Let w be p(-4). Let t(z) = 5722*z + 3. Let u(x) = -953*x + 1. Let m(g) = t(g) + 6*u(g). Calculate m(w).
-15
Let d(v) be the second derivative of -7*v**4/12 + v**3/3 + v**2/2 + 56*v. Suppose 0 = -5*b + 275 - 280. Determine d(b).
-8
Let t(d) = 11*d**2 + 26*d + 24. Let q be t(-1). Let z(h) = -11 + 7*h - 1 + 7 + q. Give z(-2).
-10
Let l(k) = -644*k - 575. Let g(i) = -153*i - 144. Let q(v) = 25*g(v) - 6*l(v). Give q(4).
6
Let z(u) = 13*u + 0*u**3 + 6 + 7*u**2 + 5*u**2 - u**3. Let c be z(13). Let w(h) = 165*h + 2 + 167*h - 331*h. Determine w(c).
8
Let r(b) be the second derivative of -1/3*b**3 - b**2 + 34 + 2*b. Determine r(-4).
6
Let j(r) = -3*r - 109. Suppose -149*f - 3009 + 726 = 3081. Determine j(f).
-1
Let f(m) = -m**2 + 4*m + 1. Suppose 8*i - 3*i = -2*g - 35, 0 = -4*i - 3*g - 28. Let h be 1/(i*(-3)/63). Calculate f(h).
4
Let v(k) = -13*k + 41. Let f be v(2). Suppose -2*d = -i + 3*d - 12, f = 4*i + d. Let c(t) = -t**3 + 5*t**2 - 5*t - 4. Give c(i).
-1
Let t(k) = 7*k + 24. Let s(d) = 22*d + 79. Let m(r) = 2*s(r) - 7*t(r). Determine m(-2).
0
Let s(v) = v**3 + 10*v**2 + 9*v - 4. Let y be s(-9). Let m be (-8)/y - 1*5. Let a = -5 - m. Let l(u) = -4*u**2 + 2*u + 3. What is l(a)?
-17
Let m(x) = 7*x - 11. Let n be (-2 - -4)*(-3)/15*(-260)/104. Determine m(n).
-4
Let h be (2 + (-6)/8)*4. Let c(j) be the third derivative of -1/120*j**6 + 1/10*j**5 + 2/3*j**3 + 0*j + 18 - 7/24*j**4 - 2*j**2. Calculate c(h).
-6
Let w(a) be the second derivative of a**5/10 + 19*a**4/12 - 11*a**3/6 - 3*a**2 - 3*a + 208. Calculate w(-10).
4
Suppose -5*x + 9 + 1 = 0. Let w be (-4)/(-2 + x + 1). Let i(j) be the third derivative of -j**5/60 - j**4/12 + j**3/2 - 588*j**2. Calculate i(w).
-5
Suppose -2*q = -2*h + 2, 4*q - 2*q = 3*h - 5. Let y = 0 + h. Let f(c) = 1 - 2*c**2 - 3*c**y + 5*c**3 + 2*c - c**3. Give f(2).
5
Let x = 61 - 58. Let b be x/6*-14*(-4 - -3). Let w(k) = -4*k + 13*k**2 - 5 - 26*k**2 - 2*k + 14*k**2. Calculate w(b).
2
Let f = 565 - 561. Let z be (-112)/(-28)*(-5)/f. Let k(b) = b**3 + 5*b**2 - b - 6. Determine k(z).
-1
Let o(y) be the second derivative of y**4/12 - 13*y**3/3 + 51*y**2 + 4949*y. What is o(24)?
54
Let d(r) = 0*r + 0*r - r - 4. Suppose -2*l + n = -11, 146*l - 150*l + 28 = -4*n. Give d(l).
-8
Suppose -t - 10 = 5*a + t, -6 = 4*a + 2*t. Let g(c) = -c**3 - 6*c**2 + 3*c. Let q(k) = 2*k**3 + 11*k**2 - 5*k + 1. Let w(j) = -5*g(j) - 3*q(j). Determine w(a).
13
Let j(n) = -9*n + 61. Let z be 1/(-3)*(-336)/16. Calculate j(z).
-2
Let g = -26131 - -26134. Let n(k) be the third derivative of -k**4/12 - k**3/2 - 2*k**2. What is n(g)?
-9
Suppose -6*d - 180 = -d. Let u = d + 32. Let g(s) = -4*s**2 - 1 + 6*s**3 - 5*s**3 + 0*s**2 - 2*s**3 - 2*s. Determine g(u).
7
Let h(r) = 67*r + 1. Let v(a) = 17*a - 1. Let w(q) = h(q) - 4*v(q). Give w(10).
-5
Let d(v) = v**3 + 6*v**2 + 2. Suppose -r = -3*r + 3*r. Suppose -2*o + 0*o - 20 = r. Let h be (4/(-4))/(-5) + 62/o. Determine d(h).
2
Let p(y) be the second derivative of y**4/12 + 4*y**3/3 + 7*y**2 - 87*y + 6. Calculate p(-2).
2
Let h(f) = f**3 + 12*f**2 - 4*f + 110. Let w = -23284 + 23271. Determine h(w).
-7
Let o(b) be the second derivative of b**3/6 + 5*b**2 + 11*b + 28. Give o(4).
14
Let p(m) = 5*m**2 - 23*m + 12. Let o(r) = -r**2 + 763*r + 2307. Let q be o(-3). What is p(q)?
210
Let g be (-96)/432 - 1264/(-18). Suppose -4*l + g = -18*l. Let z(o) = o**2 - 5 + 2 + 4 + 7*o. Determine z(l).
-9
Let m(c) = -2*c**3 + 36*c**2 + 16*c - 9. Let w(z) = z**3 - 17*z**2 - 7*z + 4. Let s(i) = -2*m(i) - 5*w(i). Give s(13).
37
Let o(g) = -4*g**3 + 18*g**2 + 7*g + 22. Let w(p) = 15*p**3 - p**2 - 4 - 24*p**3 + 3 + p + 10*p**3. Let t(r) = o(r) + 5*w(r). What is t(-12)?
17
Let k(c) = -c**3 - 8*c**2 - 5*c - 6. Let h(y) = -4*y**3 + 5*y**3 - 3 - y + 1. Let b(p) = -2*h(p) - k(p). Calculate b(9).
-8
Let l(v) = v - 3. Suppose -254*d = -258*d + 72. Suppose 0*z + 2*z + d = 0. Give l(z).
-12
Let i = 1 + -3. Let b(y) = -24*y + 79. Let g(v) = 11*v - 37. Let t(p) = -8*b(p) - 17*g(p). Determine t(i).
-13
Let y(k) = -9*k - 45. Let h(x) = -9*x. Let r(o) = -3*h(o) + 2*y(o). Calculate r(10).
0
Let j(i) = i + 14. Let k(h) = 4*h + 30. Suppose 2*s - 10 = 0, 4*s + 22 = 4*l + 66. Let f(d) = l*k(d) + 13*j(d). Determine f(1).
-9
Suppose -4*l - u + 36 = 3*u, 3*u - 35 = -4*l. Let p(h) = -h - 30. Give p(l).
-38
Let d(v) be the second derivative of -v**5/10 + v**4/3 - v**3/6 - v**2 + v. Let y be -2*2*85/